 d be 4/(-6) + 123/9. Suppose 2 - 8 = 6*w. Let r = d + w. Calculate the greatest common factor of r and 60.
12
Suppose 665 = 2*w - 5*r, 0 = 4*w - 0*r + r - 1385. Calculate the greatest common factor of 15 and w.
15
Suppose 4*j = -4*q - 3068, -9 = 4*j - 7*j. Let u be ((-1)/(-2))/(11/q). Let z = -24 - u. What is the greatest common divisor of z and 55?
11
Let x be 2/10 + (-4851)/(-45). Suppose -k = 2*k - x. Calculate the greatest common divisor of k and 9.
9
Suppose 4*y = l - 422, -4*y + 1214 = 3*l - 3*y. Calculate the greatest common divisor of l and 58.
58
Let m(x) = 3*x**2 - 4*x - 9. Let h be m(3). Let k(t) = 8*t + 12. Let z be k(h). Calculate the highest common divisor of z and 24.
12
Suppose 3*d = -3*s + 8 + 19, -2*d = -3*s - 33. Let m = 2 + 3. Suppose m*j - 51 = 9. Calculate the greatest common factor of j and d.
12
Let h(d) = -24*d - 10. Suppose 0 = 5*n - 4*q + 13, 9*n = 5*n - 3*q + 2. Let y be h(n). Calculate the highest common divisor of 70 and y.
14
Let k be 12/(-21) + 814/77. Calculate the greatest common factor of k and 250.
10
Let q(w) = -w - 2. Let h be q(-3). Suppose 30 - 51 = -18*x + 33. Calculate the greatest common factor of h and x.
1
Let n be ((-7)/(-21))/(2/(-6)). Let l(y) = -39*y + 1. Let t be l(n). Let k = 18 + -10. Calculate the highest common divisor of k and t.
8
Let y be (6 - 2)*-1*400/(-64). Let j be 388/(-6) + 2/3. Let o be j/(-6) - 8/12. Calculate the greatest common factor of y and o.
5
Suppose 56*r = 3727 - 143. Let v be (-2 + -4)*4/(-3). Calculate the greatest common factor of r and v.
8
Let d(r) = -4*r + 51. Let x(t) = 3*t - 50. Let a(l) = -4*d(l) - 3*x(l). Let h be a(9). What is the highest common factor of 1 and h?
1
Let k = 35 - 55. Let m = -15 - k. Suppose 14 = 4*x + 2*p, 3*x + 7 = 2*p - 0. What is the greatest common divisor of m and x?
1
Suppose 5*a + 98 = -0*n + 4*n, -5*a - 10 = 0. Let q(c) = -c**3 + 9*c**2 - 9*c + 1. Let f be q(6). What is the greatest common divisor of f and n?
11
Let x be (1 + -1)*19/(-57). Suppose -4*r + r = x. Suppose -2*f - 4*d + 34 = 0, -3*f - 5*d + 49 = -r*f. Calculate the highest common factor of f and 13.
13
Let k = 11 - -13. Let s = 36 - k. Suppose 0 = -s*f + 7*f + 45. Calculate the greatest common factor of 45 and f.
9
Let z be 3260/9 + (2 - 20/9). Suppose -6*x + 166 = -z. Calculate the highest common factor of 11 and x.
11
Suppose -3*f = 2*m + 21, -7 = 2*f - m - 0*m. Let g = f - -12. What is the greatest common factor of g and 1?
1
Let v = -6 + 12. Let u(m) = -m**3 - 14*m**2 + 2. Let o be u(-14). What is the highest common factor of o and v?
2
Let f(n) = 5*n**2 - 9*n + 10. Let h be f(-10). Suppose 0 = -0*m + 5*m - g - h, 3*g = -15. Calculate the greatest common divisor of 17 and m.
17
Let l = -771 - -2297. Calculate the greatest common factor of l and 109.
109
Let r = -852 + 956. What is the highest common divisor of r and 1144?
104
Let t = -80 - -82. Suppose 4*n - 9*n + 100 = -r, 4*n - t*r - 80 = 0. What is the greatest common factor of 8 and n?
4
Suppose l + 4*v = 210, 0*l - 2*l + 453 = -3*v. Calculate the highest common divisor of l and 148.
74
Suppose 0 = 4*c, -5*a + 5340 = c + 170. What is the greatest common divisor of 22 and a?
22
Suppose 0 = -5*d - 12 + 2, -3374 = -4*t - 3*d. What is the greatest common factor of t and 26?
13
Let w be 38/(-8)*(1839 - 3)/(-17). Calculate the greatest common factor of 114 and w.
57
Let w be (5 + (-42)/10)/(2/5). Suppose -w*f + 9 + 3 = 0. What is the highest common factor of 21 and f?
3
Let b(m) = -16*m - 22. Let a be b(-2). What is the greatest common divisor of a and 30?
10
Suppose -q + 4 = 3*q. Let o(f) = -f**3 + 14*f**2 + f - 9. Let x(g) = 5*g + 34. Let d be x(-4). Let v be o(d). Calculate the highest common factor of v and q.
1
Suppose 4200 = 10*q + 11*q. Calculate the greatest common divisor of 40 and q.
40
Let c be -1 - 9/3 - -7. Suppose 0 = c*t - 7 - 5. Calculate the highest common divisor of 16 and t.
4
Suppose 0 = 13*k - 16*k - 378. Let l be 33*(-1032)/k - 2/7. Calculate the highest common divisor of l and 30.
30
Suppose -27*a + 470 = -22*a. Calculate the greatest common divisor of 4 and a.
2
Let i(p) = p**3 + 4*p**2 - 2*p + 4. Let o be i(-4). What is the greatest common divisor of 492 and o?
12
Let m(a) = a**3 - 6*a**2 + 4*a + 4. Let b be 2/(-3) - (-51)/9. Let t be m(b). Let d be -3 - (-24 - (t + 1)). Calculate the highest common divisor of 231 and d.
21
Suppose 4*t - 24 = -4*w, -3*w + 4*t + 1 = 11. Suppose -p + 2*o = -1, 0 = -p + 3*p + 4*o - w. What is the highest common factor of 5 and p?
1
Let d = 30 + -26. Suppose 0*z - z + 41 = d*w, -5*z + 5 = 0. What is the highest common divisor of 90 and w?
10
Let o be 87/11 + 3/33. Suppose -1359 = -o*k - 207. Calculate the greatest common factor of 16 and k.
16
Let s be 80/24*12/10 - -50. Calculate the greatest common factor of 243 and s.
27
Let j = 881 - 641. What is the highest common factor of 30 and j?
30
Suppose -5*r - 2*i + 77 = -139, 2*r - 4*i - 96 = 0. Let z = r - 28. Let l = 16 + z. What is the highest common divisor of 48 and l?
16
Let y be ((-1)/3)/((-40)/2040). Let j be (-3*3)/(-3) + 150. What is the highest common factor of y and j?
17
Suppose -8*v = 4*k - 12*v - 12, 3*k + 3*v - 39 = 0. Calculate the greatest common factor of k and 40.
8
Let d be 1 + 0 - 9/9. Suppose 3*h + 0*h - 48 = d. Suppose -4*b + 135 + 57 = 0. What is the greatest common divisor of b and h?
16
Let l be (-434)/(-8) - 2/8. Suppose -102*o + 9657 = 9045. What is the greatest common divisor of o and l?
6
Suppose -4*m + 2*f - 468 + 2774 = 0, f + 2881 = 5*m. What is the highest common factor of m and 16?
16
Let u = -2194 + 5548. What is the greatest common factor of u and 78?
78
Suppose 13*l = -13 + 104. What is the highest common factor of l and 119?
7
Let c be (-3)/(-1) + 16*-2. Let n = c - -84. Let l = -14 - -19. What is the highest common factor of l and n?
5
Suppose -5*a + 5035 = 5*s, 4*s + a - 2442 = 1574. What is the highest common divisor of 34 and s?
17
Let g(u) = -u**3 - 17*u**2 + 6*u - 97. Let o be g(-18). Let j = 79 - 11. Suppose 4*i - j = -0*i. Calculate the greatest common divisor of i and o.
17
Let y be (0 + 0/(-3))/2. Let f(c) = c**2 + 725. Let a be f(y). Suppose a = 5*q + 4*r + 41, 5*q + 5*r - 680 = 0. What is the highest common factor of 20 and q?
20
Suppose 216 = 41*w - 16430. What is the greatest common divisor of w and 14?
14
Suppose -1267 = -5*o - 4*a, -516 = -6*o + 4*o + 3*a. Calculate the greatest common divisor of 15 and o.
15
Suppose 44 = -w + 3*w. Let u(y) = -y**3 - 63*y**2 + 269*y + 111. Let q be u(-67). Calculate the greatest common factor of w and q.
22
Let c(f) = f**3 + 5*f**2 + 2*f - 4. Let i be c(-4). Suppose -i*l + 20 + 4 = 0. Suppose 4*y = -23*y - 2*y + 87. Calculate the highest common factor of y and l.
3
Suppose -s + 0*s = 0. Let q(k) = -k**2 + 4. Let l be q(s). Calculate the greatest common factor of 10 and l.
2
Suppose -16068 = -17*r + 5*r. What is the highest common factor of 13 and r?
13
Let r = -104 + 104. Suppose -2*j + r*j = -14. What is the highest common divisor of j and 126?
7
Suppose 0 = 28*g - 121 - 159. What is the highest common factor of 130 and g?
10
Let a = 87 - 22. Suppose -4*p + 82*n - 86*n = -100, 0 = -p - 5*n + 21. Calculate the greatest common factor of a and p.
13
Let g = -25 - -6. Let x = 11 - g. Calculate the greatest common factor of 20 and x.
10
Suppose -a = 4*l - 31, 0 = 5*l - a - 45 - 5. Suppose h + 9 = 4*c - l, 0 = -5*c - h + 18. Calculate the greatest common factor of 8 and c.
4
Let q = 0 + 27. Let r be 2/(-10) + 492/60. Let b be ((-12)/r)/((-1)/2). Calculate the greatest common factor of q and b.
3
Let i be 5/(-190)*-4 - (-3936)/152. Calculate the greatest common divisor of 13 and i.
13
Let z(q) = -2*q - 4. Let c be z(-6). Suppose -7*u + c*u = 48. Suppose 1 + 71 = m. Calculate the highest common divisor of u and m.
24
Let i = -32 - -12. Let m be (-5)/(i/(-8)) - -100. Calculate the greatest common divisor of 14 and m.
14
Suppose -15 = -5*c + 165. What is the greatest common factor of 27 and c?
9
Let q be (-2925)/156*(-64)/6. What is the highest common divisor of 8 and q?
8
Let d = 644 + 66. What is the greatest common divisor of d and 20?
10
Suppose 6*m = -2*m. Let z be m + (-12)/(-4) + 57. What is the highest common factor of z and 20